valuate 7 + 0 - ((-3 - -5) + 1).
4
Evaluate 1 - -1 - (-44 - -49).
-3
What is -5 - -2 - (5 + -9)?
1
Evaluate 0 + 6 + -6 + -5 + 5.
0
What is 11 + -11 + -2 + 0?
-2
What is 1 + -7 + (-1 - -3)?
-4
What is the value of (1 - 4) + 2 + -1 + 3?
1
Evaluate 9 - (-1 + 6 + -2 + 2).
4
What is the value of -1 + -1 - (19 - 20)?
-1
What is the value of -2 + 3 + 0 + (-33 - -27)?
-5
-7 + 5 + -7 + 13
4
Calculate 1 - 1 - (-128 - -132).
-4
Calculate -6 - 2 - (-14 - -10).
-4
What is 2 - (-5 - (-7 - 0))?
0
What is -3 + (-12 - (-5 + -1) - -5)?
-4
Calculate -2 - 1 - (0 + -5).
2
What is 4 - (-3 - -10 - 5)?
2
What is 15 + -17 + (-1 - 3) + 3?
-3
0 - (6 - -6) - -7
-5
What is 18 + (-11 - 1) - -1?
7
What is -1 + (3 - (-1 + -9 + 6))?
6
What is the value of (11 - 2 - -2) + -4?
7
What is the value of 5 + -1 + 2 - (4 + 0)?
2
What is 2 + (6 - (1 + 3))?
4
What is the value of -70 + 75 - (1 - 1)?
5
(-3 - (4 + -2)) + 0
-5
Evaluate -3 + (-2 + 5 - 6) - 0.
-6
1 + (-4 - 1) - (-2 + 0)
-2
-1 - (-2 + -3 + 14)
-10
Calculate -3 - (2 + -4) - -6.
5
What is the value of (1 - 0) + -5 + 8?
4
What is the value of (1 - 10) + -93 + 98?
-4
What is the value of (-13 - (-13 - 6)) + (-14 - 1)?
-9
Calculate -4 + 3 + 1 + 4.
4
Calculate 7 + -7 + 6 + -9.
-3
What is (-2 - -6 - 7) + (1 - -5)?
3
What is the value of (2 - 10 - (12 - 12)) + -1?
-9
Calculate 55 + -63 - (2 - (7 + -2)).
-5
What is (-12 - -11) + 6 + 5?
10
What is the value of 2 + ((-5 - -3) + 2 - -1)?
3
Evaluate -4 - (3 + -2 + -4).
-1
Evaluate 1 + 7 - (0 - -6).
2
Calculate 0 - (6 + -5 + 0).
-1
-1 - (2 + -3) - (1 + 0)
-1
What is 1 - (10 - 5) - 1?
-5
Evaluate (10 - (4 - 8)) + -9.
5
Calculate 18 + -10 + (2 - 3) - 10.
-3
What is the value of (-5 - -2) + 4 + -1 + -3?
-3
Evaluate 3 + 3 + 5 + -5.
6
-3 + -13 + 14 + (6 - -2)
6
What is the value of 6 - 4 - 1 - (-5 - -3)?
3
Calculate 0 + -4 + 2 - 1.
-3
-3 - (3 + (-3 + 2 - 7))
2
-4 + -7 + 11 + 0
0
What is the value of -6 + -4 + (15 - 0)?
5
Calculate 3 + (11 + -12 - (1 + 1)).
0
Calculate -10 + 7 + -7 + 3.
-7
Evaluate 1 + 6 + 112 + -124.
-5
Calculate -1 + 17 + -7 - 6.
3
Evaluate 9 + (-11 + 4 - -3) - 2.
3
What is the value of 13 - (7 - -4) - (1 - 2)?
3
Evaluate (23 - 20) + (1 - 9).
-5
What is the value of 0 + -4 + 1 - -4 - -3?
4
Calculate -9 - -7 - (-6 + -7 + 5).
6
Calculate -15 + 7 + -3 + 8.
-3
What is the value of 3 + -1 + -2 - 1 - 0?
-1
Evaluate 5 - 1 - (5 - -4).
-5
What is 2 - 5 - (0 + 10 + -12)?
-1
Evaluate -6 - (-1 - (7 + -8 + 5)).
-1
Evaluate 2 + -3 - (16 + -21).
4
(-9 - -5) + 4 - (4 + -4)
0
Calculate (-8 - (3 + 5)) + 8 + 16.
8
What is 10 + (6 - 9) + -5?
2
What is the value of 3 + -1 - (16 - 23) - 3?
6
What is 5 + (3 - 6 - 0 - -4)?
6
1 + 0 - ((10 - 10) + -5)
6
What is the value of 4 - ((5 - 4) + 3)?
0
Evaluate -23 + 28 - (4 - 0).
1
Evaluate 0 + 3 - (-8 - -10).
1
Evaluate -13 + 2 + 6 + 7 - 2.
0
-2 + 6 + (11 - (-1 - -14))
2
Evaluate 5 + (-7 - (3 - 8 - 3)).
6
Evaluate 5 - 3 - (-2 - -11).
-7
Evaluate -5 + 6 + (4 - (5 + -1)).
1
Calculate (-1 - -1) + -4 + 1.
-3
Calculate 4 - 10 - (-1 - 2).
-3
Calculate 26 + -30 - (-2 + (2 - -2)).
-6
-6 - (-1 + -2 + -3)
0
What is the value of -4 - (-1 - (0 + 2))?
-1
What is 0 + (-8 - -14) - (2 - 2)?
6
Calculate 14 + -17 + (-1 + -1 - -4).
-1
118 + -104 - (10 + 1)
3
What is the value of 1 - -4 - (15 - (22 - 14))?
-2
What is the value of -6 + 14 - (-1 + 2 + 12)?
-5
Calculate 1 + 3 + (-3 - -4).
5
What is (4 - 10) + (2 - -1) - -2?
-1
What is 1 + (3 - 5 - -6)?
5
What is -4 + 5 + (-2 - (1 + 2))?
-4
Evaluate 0 + 5 + -3 + (0 - -3).
5
Evaluate 2 - (11 + -7) - -7.
5
3 - (-6 - -14 - (1 - -4))
0
3 - (13 - 1 - 2 - 2)
-5
Evaluate -8 + 6 - (0 + 4 + -2).
-4
Calculate -12 + -1 + (7 + 12 - 15).
-9
-1 - (-4 + (0 - 0 - 1))
4
4 - (-3 - (-9 - -2))
0
What is 1 + 0 - (0 - 3)?
4
-5 - (-2 + -8 - (-8 + 3))
0
Calculate (3 - 11) + 2 + 12.
6
What is the value of -8 + 0 + -22 + 25?
-5
Calculate (-3 - -5) + 2 + -7 + 7.
4
Calculate 1 - (5 + 0 - 5) - 0.
1
What is 4 + (-7 - (0 - 1))?
-2
Evaluate -2 + (3 - 1) - (10 + -6).
-4
What is the value of 2 + (-5 - (1 + -2)) - 1?
-3
Evaluate 9 + -1 - (-37 + 42).
3
What is -3 + (9 - 1) + 2?
7
Calculate -3 + (-2 - -3) + 4.
2
Calculate -18 - -8 - -26 - 7.
9
Calculate 6 - (-4 - (1 - 8)).
3
Evaluate -8 + (8 - (11 - 8)).
-3
Evaluate 2 - -3 - (-1 + (-6 - -7)).
5
(-4 + 5 - -2) + -6 + -7
-10
1 - 4 - (7 - 4) - -4
-2
What is the value of 0 + 1 + 11 + -18 + 6?
0
What is the value of 1 + -6 - (-19 - -10)?
4
What is the value of 1 - (6 + 7) - -5?
-7
Evaluate 14 - 9 - 2 - -4.
7
-1 + (5 - 8) + -2 - -13
7
What is the value of (2 - 4) + (11 - -6 - 8)?
7
What is the value of 1 + 0 + (-5 - -1) + 3?
0
Evaluate (-11 - -17) + (3 - 6) + 0.
3
What is the value of 5 - (-6 + 5 - -1)?
5
Evaluate (8 - ((-4 - 1) + 3)) + -4.
6
Evaluate (10 - (3 + 11)) + -1.
-5
What is -7 - 0 - (-10 + (2 - -4))?
-3
Evaluate (-3 - (-12 - -4)) + 5 + -3.
7
-12 - 0 - (-47 + 39)
-4
What is the value of -2 + 0 - 4 - (-17 - -4)?
7
3 + (-10 - -5) + 7
5
6 + (1 - (7 + -3)) + -8
-5
What is -2 + 4 + 11 + -18?
-5
Evaluate 3 - -4 - (4 + 2).
1
What is the value of 1 - 0 - 0 - (-3 - -8)?
-4
Calculate -2 + 14 - (-29 + 39).
2
Evaluate -3 - (-5 - -4) - (4 + -1).
-5
What is 2 - 7 - (9 - 16)?
2
What is (-5 - -5) + 5 - -1?
6
(6 - 16 - 6) + 11
-5
1 + 0 - -4 - (-13 - -16)
2
Calculate (10 - 5) + 10 + -12.
3
What is the value of -4 - (-1 - -1 - (5 - 5))?
-4
What is 0 + -1 + -4 + -1 + 3?
-3
(14 - 7) + -11 - (0 + -3)
-1
Calculate -10 + 0 + 5 - -2.
-3
What is -2 + (-3 - -1) - -4?
0
Calculate (3 + -4 - -2) + -6.
-5
Evaluate -7 + 4 + 2 + 0 + -4.
-5
What is 3 + 9 - 6 - 11?
-5
Calculate -1 + (-5 + 7 - (-1 - 1)).
3
Calculate 9 + (-14 + 3 - -1).
-1
Evaluate (-3 - -4 - 1) + 3 - 8.
-5
Calculate 1 + -1 - (10 + -6 - 1).
-3
Evaluate -1 + 2 - (19 - 22).
4
Calculate -4 + 38 + -23 + -1 + -1.
9
What is 11 + (-13 - 3 - 1)?
-6
What is the value of 2 + (-1 - -4 - 2) + -3?
0
Evaluate -6 + (-77 + 78 - (-3 - 0)).
-2
Evaluate (-2 - (1 + 2)) + 14 + -13.
-4
What is the value of 5 + (-8 - -17 - 12)?
2
Evaluate 0 + (-2 - (-2 + 1)).
-1
Evaluate 16 + (-11 - -4) - -1 - 3.
7
Calculate -14 + 16 + (4 - 13).
-7
(-7 - -3) + (3 + -2 - -1)
-2
Calculate 9 + -10 + 23 + -13.
9
What is the value of 1 + 0 + (4 - (1 - -2))?
2
What is the value of -2 + (-13 + -8 + 16 - 3)?
-10
16 + -12 + (1 - 1 - 3)
1
(-9 - (-1 - 5)) + -3
-6
Evaluate 19 - 18 - (-3 - 2).
6
-1 + -1 + (-1 - (7 + -5))
-5
What is the value of 3 + -2 + -2 + (-4 - -9)?
4
What is the value of -2 - (2 - (-4 - -6))?
-2
-1 + (-3 - -3) + 5
4
What is the value of 11 - ((6 - 4) + 6)?
3
What is -1 + 8 + -5 + 3 - 3?
2
Evaluate 0 + (-4 - -1 - -2) + 1.
0
Evaluate (10 - -3) + -10 + 3.
6
Calculate -3 + -4 + (11 + 2 - 3).
3
What is (5 - -6) + -34 + 29?
6
What is 5 + 5 + (-14 - 2)?
-6
-4 + (1 + 7 - -2)
6
What is (9 - (-3 - -9) - -4) + -3?
4
Evaluate 5 + -2 + -1 - (-5 + 4).
3
(4 - 11) + 5 + (-1 - -5)
2
What is (2 - -4) + -9 + 6 - -3?
6
What is the value of 1 + 5 + -2 - 6?
-2
-2 - (-5 - -2) - (-1 + -2)
4
Evaluate -5 - 0 - (0 + -1 + -5).
1
2 + -3 - (-9 - (0 - 4))
4
What is -7 - ((-15 - -9) + -5 + 11)?
-7
What is (2 - 3 - -11) + -17?
-7
What is 1 - (-3 + (5 - 3) - 0)?
2
Evaluate -15 - (-14 + (-3 - -12) + -2).
-8
What is 5 + 1 + (4 - 2)?
8
Calculate -1 - (28 + -5 + -13).
-11
Evaluate (58 - 44) + -1 + -11.
2
13 + -3 + -5 + 1 + -3
3
Calculate 1 + (-1 - (2 - 1 - -1)).
-2
What is the value of -6 + (-14 - -27) + (4 - 2)?
9
What is -1 - (-2 + -2 - -6) - -1?
-2
What is the value of 0 - ((-12 - -5) + 3)?
4
What is the value of -1 + 7 + -12 + 10?
4
Evaluate -2 - -5 - (2 + -2 + 8).
-5
What is the value of (-9 - -8) + (7 - 14)?
-8
Evaluate 8 + 4 + -4 + -5.
3
What is (0 - 6) + -4 + (3 - -2)?
-5
Calculate -5 + -22 + 10 + 11.
-6
What is -2 + (-1 - -2) + -189 + 187?
-3
Evaluate 7 + 1 + (5 - 11) - -1.
3
Calculate -1 + (6 - (-8 + 4 - -10)).
-1
What is -16 + (12 - -5 - 10)?
-9
What is the value of 2 + (2 - 4) - 3 - -6?
3
Evaluate 7 + (2 - (5 + 0)).
4
(0 - -5) + (-2 - (5 + -2))
0
Evaluate (1 - 5) + -7 + 6.
-5
(5 - 6) + 3 - (-4 - 0)
6
What is 1 - 16 - (-14 + 4)?
-5
What is the value of 5 + -4 + 2 + -7?
-4
Evaluate 0 - (-7 + 2 - (23 + -27)).
1
3 + 3 + -4 + 0
2
What is the value of -5 - (-14 - -2 - (-9 - -6))?
4
Calculate (0 - -1) + 4 + -4.
1
What is 190 + -194 + 6 + -2 + 1?
1
Evaluate 7 + 0 + -4 + -2.
1
What is the value of (-4 - -4 - -3) + 0?
3
Evaluate 4 + (-6 - (2 - 0)